384
What is the remainder when 429595753 is divided by 14?
13
Calculate the remainder when 16180319 is divided by 442.
25
Calculate the remainder when 15900255 is divided by 50477.
0
What is the remainder when 904156 is divided by 8021?
5804
What is the remainder when 876227 is divided by 51522?
353
What is the remainder when 1955890 is divided by 536?
26
What is the remainder when 20935750 is divided by 951625?
0
What is the remainder when 60057 is divided by 2243?
1739
Calculate the remainder when 689129 is divided by 1451.
1355
What is the remainder when 14322 is divided by 19?
15
Calculate the remainder when 5902655 is divided by 3863.
3854
Calculate the remainder when 282847216 is divided by 87950.
16
Calculate the remainder when 42506553 is divided by 1339.
1337
What is the remainder when 1418316 is divided by 479?
476
What is the remainder when 497852 is divided by 491?
469
Calculate the remainder when 4741463 is divided by 1551.
56
Calculate the remainder when 5742214 is divided by 1795.
9
Calculate the remainder when 127272 is divided by 9758.
418
Calculate the remainder when 1102084527 is divided by 131.
129
What is the remainder when 46864 is divided by 5002?
1846
What is the remainder when 110242 is divided by 6777?
1810
What is the remainder when 44679959 is divided by 936?
935
Calculate the remainder when 894110432 is divided by 9.
5
What is the remainder when 4843755 is divided by 2340?
2295
Calculate the remainder when 282534333 is divided by 1896.
1893
What is the remainder when 3651717 is divided by 3008?
5
What is the remainder when 18790506 is divided by 1879035?
156
Calculate the remainder when 427017 is divided by 2043.
30
Calculate the remainder when 45858921 is divided by 9148.
9145
What is the remainder when 4617 is divided by 252?
81
Calculate the remainder when 2174955 is divided by 1197.
6
Calculate the remainder when 5353808 is divided by 1921.
1902
What is the remainder when 32635 is divided by 3544?
739
Calculate the remainder when 60020487 is divided by 207.
9
Calculate the remainder when 7800562 is divided by 215.
147
What is the remainder when 54578147 is divided by 22?
19
What is the remainder when 1298117 is divided by 92?
89
What is the remainder when 1165533 is divided by 9245?
663
What is the remainder when 180866 is divided by 8558?
1148
What is the remainder when 2326043 is divided by 449?
223
What is the remainder when 10693920 is divided by 2035?
2030
What is the remainder when 21509653 is divided by 153?
148
Calculate the remainder when 16139272 is divided by 84.
16
Calculate the remainder when 1883845 is divided by 78493.
13
Calculate the remainder when 33089290 is divided by 4624.
4570
What is the remainder when 25576198 is divided by 18?
16
What is the remainder when 180197 is divided by 59997?
206
Calculate the remainder when 14654031 is divided by 6819.
0
What is the remainder when 9503108 is divided by 329?
272
Calculate the remainder when 16118049 is divided by 134317.
9
What is the remainder when 82697 is divided by 336?
41
Calculate the remainder when 142795 is divided by 142572.
223
What is the remainder when 14001140 is divided by 126?
20
What is the remainder when 11693513 is divided by 1661?
73
Calculate the remainder when 5675906 is divided by 156.
2
What is the remainder when 902486 is divided by 238?
228
What is the remainder when 56256 is divided by 1787?
859
Calculate the remainder when 10912920 is divided by 3637621.
57
Calculate the remainder when 4262704 is divided by 2411.
56
What is the remainder when 415225382 is divided by 2495?
2492
Calculate the remainder when 27449994 is divided by 278.
274
What is the remainder when 84485 is divided by 97?
95
What is the remainder when 3628877 is divided by 1631?
1533
What is the remainder when 151021556 is divided by 5178?
8
What is the remainder when 16752432 is divided by 6011?
5786
Calculate the remainder when 6305432 is divided by 147.
14
Calculate the remainder when 2809781 is divided by 233.
34
What is the remainder when 26441647 is divided by 1934?
1933
What is the remainder when 10663495 is divided by 1184814?
169
What is the remainder when 10084874 is divided by 731?
729
What is the remainder when 2447526 is divided by 325?
276
Calculate the remainder when 62493 is divided by 30726.
1041
What is the remainder when 607958 is divided by 41?
10
Calculate the remainder when 3752061 is divided by 150081.
36
Calculate the remainder when 1855519 is divided by 20.
19
Calculate the remainder when 4014321 is divided by 267616.
81
Calculate the remainder when 4063888 is divided by 150.
88
Calculate the remainder when 252729 is divided by 278.
27
What is the remainder when 250596 is divided by 3868?
3044
What is the remainder when 915999 is divided by 4199?
617
What is the remainder when 8041943 is divided by 2359?
112
What is the remainder when 285772 is divided by 142805?
162
What is the remainder when 16425674 is divided by 1580?
1574
Calculate the remainder when 156924647 is divided by 12560.
7
Calculate the remainder when 983796 is divided by 9026.
8988
Calculate the remainder when 1323650 is divided by 9258.
9014
What is the remainder when 1788184 is divided by 982?
944
Calculate the remainder when 12114 is divided by 984.
306
What is the remainder when 5332 is divided by 849?
238
Calculate the remainder when 2966568 is divided by 7.
3
Calculate the remainder when 628325 is divided by 209407.
104
What is the remainder when 152423433 is divided by 50807805?
18
Calculate the remainder when 11417508 is divided by 165.
3
What is the remainder when 78598081 is divided by 6616?
1
What is the remainder when 2413811 is divided by 114937?
134
What is the remainder when 3331099 is divided by 37428?
7
What is the remainder when 184530 is divided by 2628?
570
Calculate the remainder when 1229632 is divided by 72329.
39
Calculate the remainder when 242147 is divided by 4550.
997
Calculate the remainder when 326917 is divided by 2574.
19
Calculate the remainder when 61399 is divided by 7653.
175
Calculate the remainder when 24743235 is divided by 5269.
11
What is the remainder when 2417609 is divided by 217?
12
Calculate the remainder when 15148610 is divided by 82779.
53
What is the remainder when 1421898 is divided by 710933?
32
What is the remainder when 1218610 is divided by 101550?
10
What is the remainder when 1289202262 is divided by 3096?
3094
What is the remainder when 61324574 is divided by 353?
2
What is the remainder when 1460874 is divided by 3470?
4
Calculate the remainder when 275233 is divided by 21167.
62
Calculate the remainder when 293140862 is divided by 58628172.
2
Calculate the remainder when 21276 is divided by 610.
536
What is the remainder when 8570059 is divided by 40?
19
Calculate the remainder when 1878594 is divided by 67087.
158
What is the remainder when 50888 is divided by 587?
406
What is the remainder when 21985784 is divided by 178746?
26
What is the remainder when 4932085 is divided by 29?
26
Calculate the remainder when 1917646 is divided by 2126.
2120
Calculate the remainder when 148117 is divided by 3719.
3076
Calculate the remainder when 56682 is divided by 8036.
430
Calculate the remainder when 1743061 is divided by 348592.
101
What is the remainder when 2519436 is divided by 560?
556
Calculate the remainder when 83505721 is divided by 2001.
1990
Calculate the remainder when 6642733 is divided by 116.
109
What is the remainder when 1356061 is divided by 1789?
1788
What is the remainder when 112188062 is divided by 602?
546
What is the remainder when 12636954 is divided by 55?
44
What is the remainder when 998828 is divided by 506?
490
Calculate the remainder when 1197691 is divided by 513.
349
What is the remainder when 4848118 is divided by 36?
34
Calculate the remainder when 3144364 is divided by 1148.
1140
Calculate the remainder when 304024 is divided by 152001.
22
Calculate the remainder when 114920 is divided by 54487.
5946
What is the remainder when 99353660 is divided by 576?
572
Calculate the remainder when 101465518 is divided by 4.
2
What is the remainder when 17617 is divided by 38?
23
What is the remainder when 3901236 is divided by 535?
16
Calculate the remainder when 2442696 is divided by